n*x - y. List the prime factors of x.
2, 83
Let z(y) be the second derivative of 155*y**3/3 - 5*y**2 - 25*y. What are the prime factors of z(1)?
2, 3, 5
Suppose -29 = -4*w + 2*n + 61, -2*n - 66 = -3*w. Suppose 2*x - 4*k = w, 57 = 4*x - 2*k + 21. Suppose x*z - 294 = -102. What are the prime factors of z?
2, 3
Suppose 4*s + 5*h = 61 + 38, 5*h + 90 = 5*s. Suppose 4*v - 5*y = 88, -5*y = 4*v - 3*v + 3. Suppose -s - v = -t. List the prime factors of t.
2, 19
Let w(j) be the third derivative of j**6/24 - 13*j**4/24 + 25*j**3/6 - 65*j**2. List the prime factors of w(2).
3, 13
Let q = -196 + 311. Let o = q + -110. Suppose 2*g + 120 = h, -h - 4*g + 122 = -o*g. List the prime factors of h.
2, 31
Let w = -82 + 80. Let u be 2 + -1 - (-3 - w). Suppose 4*a - o - 68 = 516, 596 = 4*a + u*o. List the prime factors of a.
3, 7
Suppose 27*d - 8340 = 2163. Let q = d + -351. List the prime factors of q.
2, 19
Let z(p) = -39*p + 118. Let y be z(8). Let x = y + 321. What are the prime factors of x?
127
Let l = -172 + 170. List the prime factors of ((-1)/(-2))/((-2)/3272*l).
409
Let a = 61579 + -39868. What are the prime factors of a?
3, 7237
Let k(g) = 2*g - 123. Let f be k(30). List the prime factors of 6/(-1)*(-7)/(f/(-549)).
2, 3, 61
Let s = -286 + 494. Suppose -8*w + s = -2480. What are the prime factors of w?
2, 3, 7
Let q(m) = 2*m - 22. Let h be 5*((-34)/(-10) - (-4 + 5)). Let o be q(h). Suppose -278 = -2*a - 2*l, -4*a + o*l + 182 = -356. What are the prime factors of a?
2, 17
Let z be 0 + 5 + 1 + -3. Suppose z*l + 3*p = 51 + 345, -5*l + 3*p = -644. What are the prime factors of l?
2, 5, 13
Let b be 4 - (-5 - (-849)/(-1)). Suppose 0 = 38*s - 12*s - b. List the prime factors of s.
3, 11
Suppose -5*o = 2*i - 31022, 93*o - 88*o - 10 = 0. What are the prime factors of i?
2, 7753
Let d(z) = z**2 + 3*z - 1. Let s be d(4). Let u = s - 22. Suppose -u*a = -19 - 21. What are the prime factors of a?
2
Let x(a) = a**3 - 17*a**2 + 18*a + 605. What are the prime factors of x(28)?
9733
Let k = -92 - -90. List the prime factors of k - -447 - (6 - 0).
439
Let k = 767 - 539. Suppose 0 = 71*j - 74*j + k. Suppose -4*i + j = f - 5*i, 0 = -5*f + 2*i + 386. What are the prime factors of f?
2, 3, 13
Let w be (8 + 1)*44/33. Suppose -w*n + 17*n = 860. What are the prime factors of n?
2, 43
Let u(p) be the third derivative of 23*p**4/4 - 61*p**3/6 - 4*p**2 - 2*p. List the prime factors of u(9).
1181
Suppose p - 10 - 9 = 5*k, k = -3. Suppose 8 = -4*m - 2*n, -2*m + 3*m + 2*n = -8. Suppose 4*s - p = 0, -4*y + 3*y + 2*s = m. What are the prime factors of y?
2
Suppose -6*g + 10*g + 4928 = 0. Let p = -686 - g. What are the prime factors of p?
2, 3, 7, 13
Let z(k) = k**2 + 30*k + 146. Let v be z(-6). Let a(m) = 137*m + 19. List the prime factors of a(v).
293
Let g be ((-3)/2)/(3/(-186)). Let b = -56 + g. What are the prime factors of (2 - 6) + b + -2?
31
Let g(l) = 4*l**3 - 30*l**2 + 189*l - 60. What are the prime factors of g(18)?
2, 3, 5, 113
Suppose 0 = 4*f + 5*s - 13, -4*f + 4*s - 4 = -8. Let w(i) be the first derivative of 16*i**3/3 - 5*i + 171. What are the prime factors of w(f)?
59
Suppose -81*j = -86*j + 13930. Suppose 37*i - 44*i = -j. List the prime factors of i.
2, 199
Let m(t) = -22*t - 259. Let r be m(-12). Suppose -r*n + c = -2590, 2*c - c - 524 = -n. What are the prime factors of n?
3, 173
Suppose -3 = -4*l + 3*a, -l - 2*a + 0*a - 13 = 0. What are the prime factors of 2 - -177 - (0 + (-3)/l)?
2, 89
Suppose -2*p = 2*p - a, 5*p + 5*a - 25 = 0. Let n(v) = 195*v**2 + 4*v - 3. List the prime factors of n(p).
2, 7
Let a(u) = u**3 - 8*u**2 + 11*u + 35. Suppose 4*l + 26*l - 270 = 0. List the prime factors of a(l).
5, 43
Let w be (-42)/147 + (-330)/21. Let n(h) = -23*h - 44. List the prime factors of n(w).
2, 3
Suppose -4*o = -7*o - 5*z - 13, 3*z = 2*o - 23. Suppose 2*n = -o, -5*g + 156 = 16*n - 14*n. What are the prime factors of g?
2
Suppose -2*l + 10417 + 9587 = -2046. List the prime factors of l.
3, 5, 7
Let z(q) = 23*q - 6 - 4*q**2 - 5*q + 3*q**2 + 7. List the prime factors of z(15).
2, 23
Let i be 300/70 + (3 - (-46)/(-14)). Let a(l) = 6*l**3 - 6*l**2 + 13*l + 14. What are the prime factors of a(i)?
2, 3, 59
Suppose -90*d + 392819 = 29*d. List the prime factors of d.
3301
Suppose -r - 4 + 7 = 0. Let s be -2 - (-3 - 3)/r. Suppose s = 3*b + 2*p - 37, 0 = b - 3*p - p - 31. What are the prime factors of b?
3, 5
Suppose -5*f = -10, 4*o - 15842 = 2*o - 5*f. What are the prime factors of o?
2, 1979
Let s(o) = 27*o + 87. Let n be s(8). Suppose -2*l + 5*y + n = 0, -2*l + 233 + 115 = 4*y. List the prime factors of l.
2, 41
Let m(z) = -1393*z + 381. List the prime factors of m(-3).
2, 3, 5, 19
Let u = 8331 - 1167. List the prime factors of u.
2, 3, 199
Let y be 1/4 + 11/(-44)*-59. Suppose -y*g + 1095 = -6195. What are the prime factors of g?
2, 3
Suppose -19*m = -28*m - 46*m + 2147695. List the prime factors of m.
17, 2297
Let w(s) be the second derivative of s**5/20 - 13*s**4/6 + 13*s**3/6 - 25*s**2/2 + 45*s. What are the prime factors of w(26)?
313
Suppose 66 = -l + 71. Suppose l*t = 17*t - 15972. List the prime factors of t.
11
Let c = 503 - 499. What are the prime factors of -1 - ((c - 0) + -858)?
853
Let g be (58 + 3)*-18*(-3)/6. Let p = g + -124. List the prime factors of p.
5, 17
Let c(v) be the third derivative of v**6/120 - 19*v**5/60 + 5*v**4/24 + 13*v**3/6 + 18*v**2. Let y be c(19). Let r = -76 + y. List the prime factors of r.
2
Let f be 3805/3 - (-4)/6. Suppose -12*w - f = -15681. What are the prime factors of w?
1201
Let q(i) = i**3 + 9*i**2 - 3*i + 1. Let o be q(-7). Let x = 6 + -17. List the prime factors of (x/22)/((-1)/o).
2, 3, 5
Let a = -22890 - -54063. What are the prime factors of a?
3, 10391
What are the prime factors of 9391 - (-6 - -6 - 1/(-1))?
2, 3, 5, 313
Let g = 11396 - 6430. Suppose 7*z - g = 6829. List the prime factors of z.
5, 337
Suppose -z = 4*t - 2*z - 605, z = 3*t - 454. What are the prime factors of 2 + -1 - (1 - t)?
151
Suppose -40*u + 41*u = -121. Let a = u + 176. Suppose a = 4*m - 65. What are the prime factors of m?
2, 3, 5
Let j(a) = 125*a**2 + 25*a - 8. Let x be j(-6). Suppose 358 + x = 4*c. List the prime factors of c.
5, 47
Suppose -9 = -u - 2*u. Let z(d) = -12 + 7*d**3 - 8*d**u + 13*d**2 - 17*d + 23. List the prime factors of z(10).
3, 47
Let n be ((-7)/(-28) - -1)*4. Suppose 2*f - n*m - 255 = 0, -f + 52 = -3*m - 76. List the prime factors of f.
5
Let j(r) = 141*r**2 - 203*r - 9. List the prime factors of j(6).
3, 1283
Suppose -5*g + 4*y - 106 = 223, 2*g + 2*y = -128. Let o = 68 + g. Suppose -o*x = 2*x - 520. List the prime factors of x.
2, 13
Let h = 2309 - 2314. Let c(b) = -9*b + 43 - 9*b + 16. What are the prime factors of c(h)?
149
Let q(c) = 8*c**2 + 1 - 6 + 13 + 11 + 4*c. Let b be q(-5). Let m = b + -133. List the prime factors of m.
2, 3, 11
Let u = 2 + 10. Let k = 173 - 169. What are the prime factors of 676/3 - (k - 56/u)?
2, 113
Let c(w) = 0*w**2 + 2*w**2 + 98 + w**3 + 3*w - 22 - 5*w - w**2. Suppose -2*t - t = 0. What are the prime factors of c(t)?
2, 19
Suppose -4*k - 3*v + 0*v = 31, 2*v = 4*k + 26. What are the prime factors of ((-87)/(-4) + -4)/(k/(-616))?
2, 11, 71
Suppose -7*y + 4*y + 117 = 0. Let d = y + -35. Suppose -5*h = 10, -c - d*h + 63 = -7*h. List the prime factors of c.
3, 19
Let p = 9460 - -6428. What are the prime factors of p?
2, 3, 331
Suppose -6 = 3*k + 12. Let f be ((-8)/14)/(k/42). Suppose -20 = f*m, -3*l - 3*m - 9 = -0*m. What are the prime factors of l?
2
Let u(v) = 7815*v**2 + 156*v - 156. List the prime factors of u(1).
3, 5, 521
Let h = -54789 - -77559. Suppose -36*k = -3*k - h. What are the prime factors of k?
2, 3, 5, 23
Let v be ((-255)/170)/(3/3418). Let q = -1040 - v. What are the prime factors of q?
3, 223
Let c = 6 + -4. Let k(g) = -g**3 - 12*g**2 - 2*g - 24. Let r be k(-12). Suppose -5*t = -3*s + c*s + 176, r = -2*s - t + 330. What are the prime factors of s?
2, 83
Suppose -5*c + 25450 = -2*j - 96428, -4*j + 73158 = 3*c. List the prime factors of c.
2, 3, 17, 239
Suppose 16*d - 12*d = 400. Let g(p) = d - 8*p + 3*p**2 - 99 - 2*p**2. What are the prime factors of g(-8)?
3, 43
Suppose 11845 = 2*i - 3*u, 0 = 3*i + 7*u - 11*u - 17769. What are the prime factors of i?
5927
Let j = -307 + 2249. List the pri